{"id":36,"date":"2026-02-10T20:07:02","date_gmt":"2026-02-10T20:07:02","guid":{"rendered":"https:\/\/mcases.fr\/?page_id=36"},"modified":"2026-02-27T08:50:00","modified_gmt":"2026-02-27T08:50:00","slug":"home","status":"publish","type":"page","link":"https:\/\/mcases.fr\/","title":{"rendered":"Home"},"content":{"rendered":"\t\t<div data-elementor-type=\"wp-page\" data-elementor-id=\"36\" class=\"elementor elementor-36\">\n\t\t\t\t<div class=\"elementor-element elementor-element-d5cfde3 e-flex e-con-boxed e-con e-parent\" data-id=\"d5cfde3\" data-element_type=\"container\" data-e-type=\"container\">\n\t\t\t\t\t<div class=\"e-con-inner\">\n\t\t\t\t<div class=\"elementor-element elementor-element-0a33a0b elementor-widget elementor-widget-image\" data-id=\"0a33a0b\" data-element_type=\"widget\" data-e-type=\"widget\" data-widget_type=\"image.default\">\n\t\t\t\t\t\t\t\t\t\t\t\t\t\t\t<img decoding=\"async\" width=\"150\" height=\"150\" src=\"https:\/\/mcases.fr\/wp-content\/uploads\/2026\/02\/MOG-PNG-S-150x150.png\" class=\"attachment-thumbnail size-thumbnail wp-image-141\" alt=\"\" srcset=\"https:\/\/mcases.fr\/wp-content\/uploads\/2026\/02\/MOG-PNG-S-150x150.png 150w, https:\/\/mcases.fr\/wp-content\/uploads\/2026\/02\/MOG-PNG-S.png 283w\" sizes=\"(max-width: 150px) 100vw, 150px\" \/>\t\t\t\t\t\t\t\t\t\t\t\t\t\t\t<\/div>\n\t\t\t\t<div class=\"elementor-element elementor-element-61c56ea elementor-widget elementor-widget-image\" data-id=\"61c56ea\" data-element_type=\"widget\" data-e-type=\"widget\" data-widget_type=\"image.default\">\n\t\t\t\t\t\t\t\t\t\t\t\t\t\t\t<img fetchpriority=\"high\" decoding=\"async\" width=\"1736\" height=\"366\" src=\"https:\/\/mcases.fr\/wp-content\/uploads\/2026\/02\/Capture-decran-2026-02-27-a-09.49.36.png\" class=\"attachment-2048x2048 size-2048x2048 wp-image-329\" alt=\"\" srcset=\"https:\/\/mcases.fr\/wp-content\/uploads\/2026\/02\/Capture-decran-2026-02-27-a-09.49.36.png 1736w, https:\/\/mcases.fr\/wp-content\/uploads\/2026\/02\/Capture-decran-2026-02-27-a-09.49.36-300x63.png 300w, https:\/\/mcases.fr\/wp-content\/uploads\/2026\/02\/Capture-decran-2026-02-27-a-09.49.36-1024x216.png 1024w, https:\/\/mcases.fr\/wp-content\/uploads\/2026\/02\/Capture-decran-2026-02-27-a-09.49.36-768x162.png 768w, https:\/\/mcases.fr\/wp-content\/uploads\/2026\/02\/Capture-decran-2026-02-27-a-09.49.36-1536x324.png 1536w\" sizes=\"(max-width: 1736px) 100vw, 1736px\" \/>\t\t\t\t\t\t\t\t\t\t\t\t\t\t\t<\/div>\n\t\t\t\t<div class=\"elementor-element elementor-element-ac7a027 elementor-widget elementor-widget-text-editor\" data-id=\"ac7a027\" data-element_type=\"widget\" data-e-type=\"widget\" data-widget_type=\"text-editor.default\">\n\t\t\t\t\t\t\t\t\t<h5>La nouvelle r\u00e9f\u00e9rence du flight case haut de gamme pour professionnels exigeants.<\/h5>\t\t\t\t\t\t\t\t<\/div>\n\t\t\t\t<div class=\"elementor-element elementor-element-289b57c elementor-widget elementor-widget-image\" data-id=\"289b57c\" data-element_type=\"widget\" data-e-type=\"widget\" data-widget_type=\"image.default\">\n\t\t\t\t\t\t\t\t\t\t\t\t\t\t\t<img decoding=\"async\" width=\"671\" height=\"177\" src=\"https:\/\/mcases.fr\/wp-content\/uploads\/2026\/02\/PHOTO-2026-02-20-14-27-57-1.jpg\" class=\"attachment-large size-large wp-image-302\" alt=\"\" srcset=\"https:\/\/mcases.fr\/wp-content\/uploads\/2026\/02\/PHOTO-2026-02-20-14-27-57-1.jpg 671w, https:\/\/mcases.fr\/wp-content\/uploads\/2026\/02\/PHOTO-2026-02-20-14-27-57-1-300x79.jpg 300w\" sizes=\"(max-width: 671px) 100vw, 671px\" \/>\t\t\t\t\t\t\t\t\t\t\t\t\t\t\t<\/div>\n\t\t\t\t<div class=\"elementor-element elementor-element-2a921c06 elementor-align-center elementor-invisible elementor-widget elementor-widget-button\" data-id=\"2a921c06\" data-element_type=\"widget\" data-e-type=\"widget\" data-settings=\"{&quot;_animation&quot;:&quot;fadeIn&quot;,&quot;_animation_delay&quot;:400}\" data-widget_type=\"button.default\">\n\t\t\t\t\t\t\t\t\t\t<a class=\"elementor-button elementor-button-link elementor-size-sm\" href=\"mailto:contact@mcases.fr\">\n\t\t\t\t\t\t<span class=\"elementor-button-content-wrapper\">\n\t\t\t\t\t\t\t\t\t<span class=\"elementor-button-text\">Contactez nous<\/span>\n\t\t\t\t\t<\/span>\n\t\t\t\t\t<\/a>\n\t\t\t\t\t\t\t\t<\/div>\n\t\t\t\t<div class=\"elementor-element elementor-element-6e021ff elementor-widget elementor-widget-video\" data-id=\"6e021ff\" data-element_type=\"widget\" data-e-type=\"widget\" data-settings=\"{&quot;youtube_url&quot;:&quot;https:\\\/\\\/www.youtube.com\\\/watch?v=CnkL6u6bLnE&amp;list=TLGGmrBdh5j750oxMDAyMjAyNg&amp;t=5s&quot;,&quot;autoplay&quot;:&quot;yes&quot;,&quot;mute&quot;:&quot;yes&quot;,&quot;loop&quot;:&quot;yes&quot;,&quot;play_on_mobile&quot;:&quot;yes&quot;,&quot;video_type&quot;:&quot;youtube&quot;}\" data-widget_type=\"video.default\">\n\t\t\t\t\t\t\t<div class=\"elementor-wrapper elementor-open-inline\">\n\t\t\t<div class=\"elementor-video\"><\/div>\t\t<\/div>\n\t\t\t\t\t\t<\/div>\n\t\t\t\t\t<\/div>\n\t\t\t\t<\/div>\n\t\t<div class=\"elementor-element elementor-element-76b52626 e-flex e-con-boxed e-con e-parent\" data-id=\"76b52626\" data-element_type=\"container\" data-e-type=\"container\">\n\t\t\t\t\t<div class=\"e-con-inner\">\n\t\t\t\t<div class=\"elementor-element elementor-element-30e5297 elementor-widget elementor-widget-heading\" data-id=\"30e5297\" data-element_type=\"widget\" data-e-type=\"widget\" data-widget_type=\"heading.default\">\n\t\t\t\t\t<h2 class=\"elementor-heading-title elementor-size-default\">Nos secteurs d'activit\u00e9s<\/h2>\t\t\t\t<\/div>\n\t\t<div class=\"elementor-element elementor-element-b2d7dbe e-con-full e-flex e-con e-child\" data-id=\"b2d7dbe\" data-element_type=\"container\" data-e-type=\"container\">\n\t\t\t\t<div class=\"elementor-element elementor-element-3afe9b04 elementor-widget-tablet__width-initial elementor-widget-mobile__width-inherit elementor-widget__width-initial elementor-position-top elementor-widget elementor-widget-image-box\" data-id=\"3afe9b04\" data-element_type=\"widget\" data-e-type=\"widget\" data-widget_type=\"image-box.default\">\n\t\t\t\t\t<div class=\"elementor-image-box-wrapper\"><figure class=\"elementor-image-box-img\"><img loading=\"lazy\" decoding=\"async\" width=\"1024\" height=\"1024\" src=\"https:\/\/mcases.fr\/wp-content\/uploads\/2026\/02\/ChatGPT-Image-10-fevr.-2026-a-22_50_30.png\" class=\"elementor-animation-grow attachment-full size-full wp-image-207\" alt=\"\" srcset=\"https:\/\/mcases.fr\/wp-content\/uploads\/2026\/02\/ChatGPT-Image-10-fevr.-2026-a-22_50_30.png 1024w, https:\/\/mcases.fr\/wp-content\/uploads\/2026\/02\/ChatGPT-Image-10-fevr.-2026-a-22_50_30-300x300.png 300w, https:\/\/mcases.fr\/wp-content\/uploads\/2026\/02\/ChatGPT-Image-10-fevr.-2026-a-22_50_30-150x150.png 150w, https:\/\/mcases.fr\/wp-content\/uploads\/2026\/02\/ChatGPT-Image-10-fevr.-2026-a-22_50_30-768x768.png 768w\" sizes=\"(max-width: 1024px) 100vw, 1024px\" \/><\/figure><div class=\"elementor-image-box-content\"><h3 class=\"elementor-image-box-title\">Sport m\u00e9canique<\/h3><\/div><\/div>\t\t\t\t<\/div>\n\t\t\t\t<div class=\"elementor-element elementor-element-4013ea92 elementor-widget-tablet__width-initial elementor-widget-mobile__width-inherit elementor-widget__width-initial elementor-position-top elementor-widget elementor-widget-image-box\" data-id=\"4013ea92\" data-element_type=\"widget\" data-e-type=\"widget\" data-widget_type=\"image-box.default\">\n\t\t\t\t\t<div class=\"elementor-image-box-wrapper\"><figure class=\"elementor-image-box-img\"><img loading=\"lazy\" decoding=\"async\" width=\"2048\" height=\"2048\" src=\"https:\/\/mcases.fr\/wp-content\/uploads\/2026\/02\/Capture-decran-2026-02-10-a-22.23.07_square_2048.png\" class=\"elementor-animation-grow attachment-full size-full wp-image-212\" alt=\"\" srcset=\"https:\/\/mcases.fr\/wp-content\/uploads\/2026\/02\/Capture-decran-2026-02-10-a-22.23.07_square_2048.png 2048w, https:\/\/mcases.fr\/wp-content\/uploads\/2026\/02\/Capture-decran-2026-02-10-a-22.23.07_square_2048-300x300.png 300w, https:\/\/mcases.fr\/wp-content\/uploads\/2026\/02\/Capture-decran-2026-02-10-a-22.23.07_square_2048-1024x1024.png 1024w, https:\/\/mcases.fr\/wp-content\/uploads\/2026\/02\/Capture-decran-2026-02-10-a-22.23.07_square_2048-150x150.png 150w, https:\/\/mcases.fr\/wp-content\/uploads\/2026\/02\/Capture-decran-2026-02-10-a-22.23.07_square_2048-768x768.png 768w, https:\/\/mcases.fr\/wp-content\/uploads\/2026\/02\/Capture-decran-2026-02-10-a-22.23.07_square_2048-1536x1536.png 1536w\" sizes=\"(max-width: 2048px) 100vw, 2048px\" \/><\/figure><div class=\"elementor-image-box-content\"><h4 class=\"elementor-image-box-title\">Audiovisuel<\/h4><\/div><\/div>\t\t\t\t<\/div>\n\t\t\t\t<div class=\"elementor-element elementor-element-580d492f elementor-widget-tablet__width-initial elementor-widget-mobile__width-inherit elementor-widget__width-initial elementor-position-top elementor-widget elementor-widget-image-box\" data-id=\"580d492f\" data-element_type=\"widget\" data-e-type=\"widget\" data-widget_type=\"image-box.default\">\n\t\t\t\t\t<div class=\"elementor-image-box-wrapper\"><figure class=\"elementor-image-box-img\"><img loading=\"lazy\" decoding=\"async\" width=\"2048\" height=\"2048\" src=\"https:\/\/mcases.fr\/wp-content\/uploads\/2026\/02\/ChatGPT-Image-10-fevr.-2026-a-23_00_41-1.png\" class=\"elementor-animation-grow attachment-full size-full wp-image-223\" alt=\"\" srcset=\"https:\/\/mcases.fr\/wp-content\/uploads\/2026\/02\/ChatGPT-Image-10-fevr.-2026-a-23_00_41-1.png 2048w, https:\/\/mcases.fr\/wp-content\/uploads\/2026\/02\/ChatGPT-Image-10-fevr.-2026-a-23_00_41-1-300x300.png 300w, https:\/\/mcases.fr\/wp-content\/uploads\/2026\/02\/ChatGPT-Image-10-fevr.-2026-a-23_00_41-1-1024x1024.png 1024w, https:\/\/mcases.fr\/wp-content\/uploads\/2026\/02\/ChatGPT-Image-10-fevr.-2026-a-23_00_41-1-150x150.png 150w, https:\/\/mcases.fr\/wp-content\/uploads\/2026\/02\/ChatGPT-Image-10-fevr.-2026-a-23_00_41-1-768x768.png 768w, https:\/\/mcases.fr\/wp-content\/uploads\/2026\/02\/ChatGPT-Image-10-fevr.-2026-a-23_00_41-1-1536x1536.png 1536w\" sizes=\"(max-width: 2048px) 100vw, 2048px\" \/><\/figure><div class=\"elementor-image-box-content\"><h4 class=\"elementor-image-box-title\">Industrie<\/h4><\/div><\/div>\t\t\t\t<\/div>\n\t\t\t\t<\/div>\n\t\t\t\t\t<\/div>\n\t\t\t\t<\/div>\n\t\t<div class=\"elementor-element elementor-element-4c3cac6b e-flex e-con-boxed e-con e-parent\" data-id=\"4c3cac6b\" data-element_type=\"container\" data-e-type=\"container\">\n\t\t\t\t\t<div class=\"e-con-inner\">\n\t\t<div class=\"elementor-element elementor-element-34530233 e-con-full e-flex e-con e-child\" data-id=\"34530233\" data-element_type=\"container\" data-e-type=\"container\" data-settings=\"{&quot;background_background&quot;:&quot;classic&quot;}\">\n\t\t\t\t<\/div>\n\t\t<div class=\"elementor-element elementor-element-38737bf9 e-con-full e-flex e-con e-child\" data-id=\"38737bf9\" data-element_type=\"container\" data-e-type=\"container\">\n\t\t\t\t<div class=\"elementor-element elementor-element-4fa4a666 elementor-widget elementor-widget-heading\" data-id=\"4fa4a666\" data-element_type=\"widget\" data-e-type=\"widget\" data-widget_type=\"heading.default\">\n\t\t\t\t\t<h2 class=\"elementor-heading-title elementor-size-default\">De la location \u00e0 la fabrication...\nl'exigence MOG.<\/h2>\t\t\t\t<\/div>\n\t\t\t\t<div class=\"elementor-element elementor-element-3e691c69 elementor-widget elementor-widget-text-editor\" data-id=\"3e691c69\" data-element_type=\"widget\" data-e-type=\"widget\" data-widget_type=\"text-editor.default\">\n\t\t\t\t\t\t\t\t\t<p data-start=\"0\" data-end=\"163\">Depuis des ann\u00e9es, nous s\u00e9lectionnons le meilleur du mat\u00e9riel audiovisuel. \u00c0 force d\u2019exigence, une \u00e9vidence s\u2019est impos\u00e9e : pour performer, il faut aussi prot\u00e9ger.<\/p><p data-start=\"165\" data-end=\"266\">C\u2019est pourquoi MOG a investi dans une ligne de fabrication de pointe en France pour cr\u00e9er <strong data-start=\"255\" data-end=\"265\">MCases<\/strong>.<\/p><p data-start=\"268\" data-end=\"515\">Ici, on ne \u201cfait\u201d pas des caisses. On <strong data-start=\"306\" data-end=\"344\">con\u00e7oit des protections sur-mesure<\/strong> pour vos outils de travail : robustes, pr\u00e9cises, pens\u00e9es pour durer \u2014 avec la m\u00eame rigueur que celle que nous appliquons chaque jour \u00e0 notre parc de mat\u00e9riel en location.<\/p><p data-start=\"517\" data-end=\"772\" data-is-last-node=\"\" data-is-only-node=\"\">Et parce que la performance ne se limite pas \u00e0 l\u2019\u00e9v\u00e9nementiel, <strong data-start=\"580\" data-end=\"643\">MCases s\u2019ouvre aussi \u00e0 l\u2019industrie et aux sports m\u00e9caniques<\/strong> : l\u00e0 o\u00f9 les contraintes sont extr\u00eames, et o\u00f9 <strong data-start=\"689\" data-end=\"727\">fiabilit\u00e9, r\u00e9sistance et pr\u00e9cision<\/strong> ne sont pas des options, mais une n\u00e9cessit\u00e9.<br \/><br \/>Choisir M.CASES c&rsquo;est choisir le meilleur pour ses \u00e9quipements&#8230;<\/p>\t\t\t\t\t\t\t\t<\/div>\n\t\t\t\t<\/div>\n\t\t\t\t\t<\/div>\n\t\t\t\t<\/div>\n\t\t<div class=\"elementor-element elementor-element-7ec971ec e-flex e-con-boxed e-con e-parent\" data-id=\"7ec971ec\" data-element_type=\"container\" data-e-type=\"container\">\n\t\t\t\t\t<div class=\"e-con-inner\">\n\t\t\t\t<div class=\"elementor-element elementor-element-5b69d9e elementor-widget-divider--view-line elementor-widget elementor-widget-divider\" data-id=\"5b69d9e\" data-element_type=\"widget\" data-e-type=\"widget\" data-widget_type=\"divider.default\">\n\t\t\t\t\t\t\t<div class=\"elementor-divider\">\n\t\t\t<span class=\"elementor-divider-separator\">\n\t\t\t\t\t\t<\/span>\n\t\t<\/div>\n\t\t\t\t\t\t<\/div>\n\t\t\t\t<div class=\"elementor-element elementor-element-e34c095 elementor-widget elementor-widget-text-editor\" data-id=\"e34c095\" data-element_type=\"widget\" data-e-type=\"widget\" data-widget_type=\"text-editor.default\">\n\t\t\t\t\t\t\t\t\t<p><img loading=\"lazy\" decoding=\"async\" class=\"alignnone size-medium wp-image-95 aligncenter\" src=\"http:\/\/mcases.fr\/wp-content\/uploads\/2026\/02\/Logo-monochrome-300x54.png\" alt=\"\" width=\"300\" height=\"54\" srcset=\"https:\/\/mcases.fr\/wp-content\/uploads\/2026\/02\/Logo-monochrome-300x54.png 300w, https:\/\/mcases.fr\/wp-content\/uploads\/2026\/02\/Logo-monochrome.png 761w\" sizes=\"(max-width: 300px) 100vw, 300px\" \/><br \/>10 Rue Saint Exupery\u00a0<br \/>35150 JANZE\u00a0<br \/>+33(0)2 30 96 41 51<br \/><br \/><\/p><p>\u00a0<\/p>\t\t\t\t\t\t\t\t<\/div>\n\t\t\t\t<div class=\"elementor-element elementor-element-0e1ade0 elementor-align-center elementor-invisible elementor-widget elementor-widget-button\" data-id=\"0e1ade0\" data-element_type=\"widget\" data-e-type=\"widget\" data-settings=\"{&quot;_animation&quot;:&quot;fadeIn&quot;,&quot;_animation_delay&quot;:400}\" data-widget_type=\"button.default\">\n\t\t\t\t\t\t\t\t\t\t<a class=\"elementor-button elementor-button-link elementor-size-sm\" href=\"mailto:contact@mcases.fr\">\n\t\t\t\t\t\t<span class=\"elementor-button-content-wrapper\">\n\t\t\t\t\t\t\t\t\t<span class=\"elementor-button-text\">Contactez nous<\/span>\n\t\t\t\t\t<\/span>\n\t\t\t\t\t<\/a>\n\t\t\t\t\t\t\t\t<\/div>\n\t\t\t\t<div class=\"elementor-element elementor-element-a2f6386 elementor-widget-divider--view-line elementor-widget elementor-widget-divider\" data-id=\"a2f6386\" data-element_type=\"widget\" data-e-type=\"widget\" data-widget_type=\"divider.default\">\n\t\t\t\t\t\t\t<div class=\"elementor-divider\">\n\t\t\t<span class=\"elementor-divider-separator\">\n\t\t\t\t\t\t<\/span>\n\t\t<\/div>\n\t\t\t\t\t\t<\/div>\n\t\t\t\t\t<\/div>\n\t\t\t\t<\/div>\n\t\t<div class=\"elementor-element elementor-element-d59b204 e-flex e-con-boxed e-con e-parent\" data-id=\"d59b204\" data-element_type=\"container\" data-e-type=\"container\">\n\t\t\t\t\t<div class=\"e-con-inner\">\n\t\t\t\t<div class=\"elementor-element elementor-element-2ee2fd0 elementor-widget elementor-widget-google_maps\" data-id=\"2ee2fd0\" data-element_type=\"widget\" data-e-type=\"widget\" data-widget_type=\"google_maps.default\">\n\t\t\t\t\t\t\t<div class=\"elementor-custom-embed\">\n\t\t\t<iframe loading=\"lazy\"\n\t\t\t\t\tsrc=\"https:\/\/maps.google.com\/maps?q=10%20Rue%20Saint%20exupery%2C%20Janze&#038;t=m&#038;z=6&#038;output=embed&#038;iwloc=near\"\n\t\t\t\t\ttitle=\"10 Rue Saint exupery, Janze\"\n\t\t\t\t\taria-label=\"10 Rue Saint exupery, Janze\"\n\t\t\t><\/iframe>\n\t\t<\/div>\n\t\t\t\t\t\t<\/div>\n\t\t\t\t\t<\/div>\n\t\t\t\t<\/div>\n\t\t\t\t<\/div>\n\t\t","protected":false},"excerpt":{"rendered":"<p>La nouvelle r\u00e9f\u00e9rence du flight case haut de gamme pour professionnels exigeants. Contactez nous https:\/\/www.youtube.com\/watch?v=CnkL6u6bLnE&#038;list=TLGGmrBdh5j750oxMDAyMjAyNg&#038;t=5s Nos secteurs d&rsquo;activit\u00e9s Sport m\u00e9canique Audiovisuel Industrie De la location \u00e0 la fabrication&#8230; l&rsquo;exigence MOG. Depuis des ann\u00e9es, nous s\u00e9lectionnons le meilleur du mat\u00e9riel audiovisuel. \u00c0 force d\u2019exigence, une \u00e9vidence s\u2019est impos\u00e9e : pour performer, il faut aussi prot\u00e9ger. C\u2019est [&hellip;]<\/p>\n","protected":false},"author":1,"featured_media":41,"parent":0,"menu_order":0,"comment_status":"closed","ping_status":"closed","template":"elementor_header_footer","meta":{"footnotes":""},"class_list":["post-36","page","type-page","status-publish","has-post-thumbnail","hentry"],"_links":{"self":[{"href":"https:\/\/mcases.fr\/index.php?rest_route=\/wp\/v2\/pages\/36","targetHints":{"allow":["GET"]}}],"collection":[{"href":"https:\/\/mcases.fr\/index.php?rest_route=\/wp\/v2\/pages"}],"about":[{"href":"https:\/\/mcases.fr\/index.php?rest_route=\/wp\/v2\/types\/page"}],"author":[{"embeddable":true,"href":"https:\/\/mcases.fr\/index.php?rest_route=\/wp\/v2\/users\/1"}],"replies":[{"embeddable":true,"href":"https:\/\/mcases.fr\/index.php?rest_route=%2Fwp%2Fv2%2Fcomments&post=36"}],"version-history":[{"count":232,"href":"https:\/\/mcases.fr\/index.php?rest_route=\/wp\/v2\/pages\/36\/revisions"}],"predecessor-version":[{"id":332,"href":"https:\/\/mcases.fr\/index.php?rest_route=\/wp\/v2\/pages\/36\/revisions\/332"}],"wp:featuredmedia":[{"embeddable":true,"href":"https:\/\/mcases.fr\/index.php?rest_route=\/wp\/v2\/media\/41"}],"wp:attachment":[{"href":"https:\/\/mcases.fr\/index.php?rest_route=%2Fwp%2Fv2%2Fmedia&parent=36"}],"curies":[{"name":"wp","href":"https:\/\/api.w.org\/{rel}","templated":true}]}}